e number?
False
Is 66151 prime?
False
Is 86497501 a composite number?
False
Is 14601019 a prime number?
True
Is 17516773 a prime number?
True
Is 9758681 prime?
False
Is 171986993 a prime number?
False
Is 51564731 a composite number?
True
Is 84857767 composite?
False
Is 15853193 prime?
True
Is 34259897 composite?
True
Is 5050253 composite?
True
Is 6583421 a composite number?
True
Is 2232917 composite?
True
Is 9259819 composite?
False
Is 7349665 composite?
True
Is 12066891 a prime number?
False
Is 5595223 prime?
True
Is 636744103 prime?
True
Is 3463381 a composite number?
False
Is 10284011 a prime number?
True
Is 22705493 prime?
True
Is 655014251 prime?
False
Is 143933011 a prime number?
False
Is 775519 composite?
True
Is 52096249 prime?
True
Is 18292331 composite?
False
Is 56104669 composite?
False
Is 13989581 a prime number?
True
Is 13077627 composite?
True
Is 591427 prime?
False
Is 2768533 prime?
False
Is 1210921 prime?
True
Is 1991039 a prime number?
False
Is 1144343 prime?
True
Is 380707 composite?
False
Is 3588251 a prime number?
True
Is 2523319 a prime number?
False
Is 16595219 a prime number?
True
Is 197203 a prime number?
True
Is 2366054 a composite number?
True
Is 15499481 composite?
False
Is 18225973 prime?
False
Is 3703579 composite?
True
Is 5355613 prime?
True
Is 170785 composite?
True
Is 5223853 a prime number?
True
Is 182145881 prime?
True
Is 1920719693 a prime number?
True
Is 590747441 composite?
False
Is 2642173 composite?
False
Is 183751511 composite?
True
Is 193656581 a prime number?
True
Is 2266217 composite?
False
Is 10601159 a prime number?
False
Is 244813963 a prime number?
False
Is 170851 a prime number?
True
Is 24636983 prime?
False
Is 8651603 a composite number?
False
Is 356222093 prime?
False
Is 66729347 prime?
True
Is 33686201 prime?
False
Is 608461 composite?
True
Is 1138409 a composite number?
False
Is 28041322 a composite number?
True
Is 63804017 prime?
True
Is 378282813 composite?
True
Is 23320561 prime?
False
Is 55867997 prime?
False
Is 2453 a composite number?
True
Is 27419 composite?
True
Is 63942421 prime?
False
Is 3258047 prime?
False
Is 97027873 a composite number?
True
Is 3890911 composite?
True
Is 50545331 a prime number?
True
Is 385754 prime?
False
Is 2156389 a composite number?
True
Is 1729591 a prime number?
True
Is 489094 composite?
True
Is 458488153 a prime number?
True
Is 9676201 a prime number?
True
Is 250842227 a composite number?
False
Is 4694201 composite?
True
Is 133917029 a prime number?
False
Is 57774787 a composite number?
True
Is 1528103 composite?
False
Is 64607551 prime?
False
Is 2324849 a prime number?
False
Is 166228037 composite?
False
Is 14306727 prime?
False
Is 503422949 a prime number?
False
Is 66616843 composite?
False
Is 9065801 a prime number?
True
Is 255694213 a prime number?
True
Is 85009 a composite number?
False
Is 83142097 prime?
True
Is 57319981 a composite number?
False
Is 37391339 a prime number?
True
Is 238513 prime?
False
Is 410405227 a prime number?
True
Is 10806107 prime?
False
Is 1256197 composite?
False
Is 12975119 composite?
True
Is 155247055 prime?
False
Is 1838131 composite?
False
Is 71597917 prime?
True
Is 13285963 prime?
True
Is 23315914 a prime number?
False
Is 368307201 prime?
False
Is 9609827 prime?
True
Is 420359567 a composite number?
False
Is 162547621 composite?
True
Is 506818679 prime?
False
Is 9850261 prime?
True
Is 4972291 a composite number?
False
Is 1773521 prime?
False
Is 63218161 composite?
False
Is 1314233 prime?
True
Is 1069091 a composite number?
True
Is 145906303 a composite number?
False
Is 1117280029 a prime number?
False
Is 347623 a composite number?
True
Is 8266997 a composite number?
False
Is 19030423 a composite number?
False
Is 80244797 a composite number?
True
Is 346422983 prime?
False
Is 167442949 prime?
False
Is 102017906 a composite number?
True
Is 12273461 a prime number?
False
Is 5730931 prime?
True
Is 109546013 a composite number?
False
Is 105833251 a composite number?
False
Is 7360121 a composite number?
False
Is 10787363 a prime number?
True
Is 496274 composite?
True
Is 6859781 a prime number?
True
Is 251287 prime?
True
Is 71387 a prime number?
True
Is 16135559 a composite number?
True
Is 56292407 a composite number?
False
Is 1994971 prime?
False
Is 2093981 prime?
True
Is 292177 a composite number?
True
Is 16734199 composite?
True
Is 17784709 prime?
True
Is 7098521 composite?
False
Is 24967519 a prime number?
True
Is 1184009 prime?
False
Is 8753071 a prime number?
True
Is 3546707 prime?
False
Is 354911 a prime number?
True
Is 28881733 prime?
True
Is 426889 a prime number?
True
Is 26514137 composite?
True
Is 1427459 a composite number?
True
Is 15049807 prime?
True
Is 18484519 composite?
False
Is 248539943 a composite number?
False
Is 518795443 a prime number?
False
Is 57422689 a prime number?
True
Is 2961381 composite?
True
Is 2298227 a composite number?
True
Is 7544969 a composite number?
True
Is 312295 prime?
False
Is 15941567 a composite number?
False
Is 1678711 composite?
False
Is 3598709 a prime number?
True
Is 1767203 a prime number?
True
Is 51133451 a composite number?
True
Is 2734199 composite?
True
Is 404773 a composite number?
False
Is 136151 composite?
True
Is 169342779 prime?
False
Is 128088859 composite?
False
Is 71159 composite?
True
Is 215518705 prime?
False
Is 83587547 a composite number?
False
Is 4630127 composite?
True
Is 8608727 a composite number?
False
Is 22827971 a prime number?
False
Is 137363209 a composite number?
False
Is 571331 composite?
False
Is 280583 composite?
False
Is 33835717 a prime number?
True
Is 2783289 a prime number?
False
Is 226051361 composite?
True
Is 827770487 prime?
False
Is 35447827 composite?
True
Is 19472347 a prime number?
True
Is 24885305 a prime number?
False
Is 4897103 composite?
False
Is 528481 composite?
True
Is 49640117 composite?
True
Is 657572267 a prime number?
False
Is 2501071 a prime number?
True
Is 10802287 a prime number?
False
Is 2659223 a prime number?
False
Is 187017593 composite?
True
Is 60018751 a prime number?
False
Is 1922209 a composite number?
False
Is 57097291 composite?
False
Is 22303873 a composite number?
False
Is 404756585 a composite number?
True
Is 74793289 a composite number?
True
Is 29840341 prime?
True
Is 333943 a prime number?
False
Is 18289331 a composite number?
True
Is 17720333 prime?
True
Is 24392803 a composite number?
False
Is 128483209 prime?
True
Is 936797 prime?
True
Is 228576133 a composite number?
False
Is 31848914 a prime number?
False
Is 3192859 composite?
True
Is 1476919259 a prime number?
False
Is 8718109 composite?
False
Is 833999 a prime number?
True
Is 2281913 a composite number?
False
Is 9277285 a composite number?
True
Is 151348313 prime?
False
Is 2857357 composite?
False
Is 1826731 composite?
True
Is 10180097 prime?
True
Is 483555571 a composite number?
True
Is 2274083 prime?
False
Is 14451809 a prime number?
False
Is 28354499 a composite number?
False
Is 45180551 prime?
False
Is 3749881 prime?
True
Is 155542901 a composite number?
False
Is 29002979 composite?
False
Is 77313 a prime number?
False
Is 48376657 prime?
False
Is 114349091 a prime number?
True
Is 45947197 a composite number?
True
Is 16923733 a composite number?
True
Is 6343541 composite?
True
Is 21871181 prime?
False
Is 25434581 composite?
False
Is 6310583 a prime number?
True
Is 248654437 a composite number?
False
Is 349786 composite?
True
Is 10663951 prime?
True
Is 42807631 composite?
True
Is 23834137 prime?
True
Is 1109113 prime?
True
Is 665884859 composite?
False
Is 8269141 prime?
True
Is 14860402 a composite number?
True
Is 1227737 a prime number?
False
Is 7403399 a prime number?
False
Is 71520143 composite?
False
Is 3155507 a prime number?
False
Is 152763661 prime?
True
Is 19581629 composite?
True
Is 409709 a composite number?
False
Is 22529887 a prime number?
True
Is 8185427 composite?
True
Is 9716149 composite?
True
Is 19319173 composite?
False
Is 1097651 prime?
True
Is 275988871 a composite number?
True
Is 463093 a prime number?
True
Is 27915703 prime?
True
Is 9135541 a prime number?
True
Is 21012053 a prime number?
True
Is 1244099459 a prime number?
True
Is 2050897 composite?
True
Is 17913509 composite?
False
Is 182708873 a composite number?
False
Is 55